{"id":148,"date":"2023-08-23T07:02:15","date_gmt":"2023-08-23T07:02:15","guid":{"rendered":"https:\/\/ceferino.ch\/?page_id=148"},"modified":"2024-12-23T14:31:25","modified_gmt":"2024-12-23T14:31:25","slug":"adressen-adresses","status":"publish","type":"page","link":"https:\/\/ceferino.ch\/index.php\/adressen-adresses\/","title":{"rendered":"Adressen\/Adresses"},"content":{"rendered":"\n<p>_______________________________________________<\/p>\n\n\n\n<p>Aum\u00f4nerie catholique des Gens du Voyage en Suisse<br>Mme Alexandra Kock<br>rue des Alpes 6<br>1700 Friboug<\/p>\n\n\n\n<p>T\u00e9l : +41 (0)77 479 44 21<\/p>\n\n\n\n<p>E-mail : alexandra.kock(at)ceferino.ch<\/p>\n\n\n\n<p>_______________________________________________<\/p>\n\n\n\n<p>P. Christoph Albrecht SJ<br>Hirschengraben 74<br>8001 Z\u00fcrich<\/p>\n\n\n\n<p>Tel: +41 (0)79 155 64 25<\/p>\n\n\n\n<p>E-mail: christoph.albrecht(at)jesuiten.org<\/p>\n\n\n\n<p>________________________________________________<\/p>\n\n\n\n<p><\/p>\n","protected":false},"excerpt":{"rendered":"<p>_______________________________________________ Aum\u00f4nerie catholique des Gens du Voyage en SuisseMme Alexandra Kockrue des Alpes 61700 Friboug T\u00e9l : +41 (0)77 479 44 21 E-mail : alexandra.kock(at)ceferino.ch _______________________________________________ P. Christoph Albrecht SJHirschengraben 748001 Z\u00fcrich Tel: +41 (0)79 155 64 25 E-mail: christoph.albrecht(at)jesuiten.org ________________________________________________<\/p>\n","protected":false},"author":1,"featured_media":0,"parent":0,"menu_order":0,"comment_status":"closed","ping_status":"closed","template":"","meta":{"footnotes":""},"class_list":["post-148","page","type-page","status-publish","hentry"],"yoast_head":"<!-- This site is optimized with the Yoast SEO plugin v27.3 - https:\/\/yoast.com\/product\/yoast-seo-wordpress\/ -->\n<title>Adressen\/Adresses - Aum\u00f4nerie des Gens du Voyage<\/title>\n<meta name=\"robots\" content=\"index, follow, max-snippet:-1, max-image-preview:large, max-video-preview:-1\" \/>\n<link rel=\"canonical\" href=\"https:\/\/ceferino.ch\/index.php\/adressen-adresses\/\" \/>\n<meta property=\"og:locale\" content=\"de_DE\" \/>\n<meta property=\"og:type\" content=\"article\" \/>\n<meta property=\"og:title\" content=\"Adressen\/Adresses - Aum\u00f4nerie des Gens du Voyage\" \/>\n<meta property=\"og:description\" content=\"_______________________________________________ Aum\u00f4nerie catholique des Gens du Voyage en SuisseMme Alexandra Kockrue des Alpes 61700 Friboug T\u00e9l : +41 (0)77 479 44 21 E-mail : alexandra.kock(at)ceferino.ch _______________________________________________ P. Christoph Albrecht SJHirschengraben 748001 Z\u00fcrich Tel: +41 (0)79 155 64 25 E-mail: christoph.albrecht(at)jesuiten.org ________________________________________________\" \/>\n<meta property=\"og:url\" content=\"https:\/\/ceferino.ch\/index.php\/adressen-adresses\/\" \/>\n<meta property=\"og:site_name\" content=\"Aum\u00f4nerie des Gens du Voyage\" \/>\n<meta property=\"article:modified_time\" content=\"2024-12-23T14:31:25+00:00\" \/>\n<meta name=\"twitter:card\" content=\"summary_large_image\" \/>\n<meta name=\"twitter:label1\" content=\"Gesch\u00e4tzte Lesezeit\" \/>\n\t<meta name=\"twitter:data1\" content=\"1\u00a0Minute\" \/>\n<script type=\"application\/ld+json\" class=\"yoast-schema-graph\">{\"@context\":\"https:\\\/\\\/schema.org\",\"@graph\":[{\"@type\":\"WebPage\",\"@id\":\"https:\\\/\\\/ceferino.ch\\\/index.php\\\/adressen-adresses\\\/\",\"url\":\"https:\\\/\\\/ceferino.ch\\\/index.php\\\/adressen-adresses\\\/\",\"name\":\"Adressen\\\/Adresses - Aum\u00f4nerie des Gens du Voyage\",\"isPartOf\":{\"@id\":\"https:\\\/\\\/ceferino.ch\\\/#website\"},\"datePublished\":\"2023-08-23T07:02:15+00:00\",\"dateModified\":\"2024-12-23T14:31:25+00:00\",\"breadcrumb\":{\"@id\":\"https:\\\/\\\/ceferino.ch\\\/index.php\\\/adressen-adresses\\\/#breadcrumb\"},\"inLanguage\":\"de-CH\",\"potentialAction\":[{\"@type\":\"ReadAction\",\"target\":[\"https:\\\/\\\/ceferino.ch\\\/index.php\\\/adressen-adresses\\\/\"]}]},{\"@type\":\"BreadcrumbList\",\"@id\":\"https:\\\/\\\/ceferino.ch\\\/index.php\\\/adressen-adresses\\\/#breadcrumb\",\"itemListElement\":[{\"@type\":\"ListItem\",\"position\":1,\"name\":\"Startseite\",\"item\":\"https:\\\/\\\/ceferino.ch\\\/\"},{\"@type\":\"ListItem\",\"position\":2,\"name\":\"Adressen\\\/Adresses\"}]},{\"@type\":\"WebSite\",\"@id\":\"https:\\\/\\\/ceferino.ch\\\/#website\",\"url\":\"https:\\\/\\\/ceferino.ch\\\/\",\"name\":\"Aum\u00f4nerie des Gens du Voyage\",\"description\":\"katholische Seelsorge der fahrenden Jenischen und Sinti in der Schweiz\",\"publisher\":{\"@id\":\"https:\\\/\\\/ceferino.ch\\\/#organization\"},\"potentialAction\":[{\"@type\":\"SearchAction\",\"target\":{\"@type\":\"EntryPoint\",\"urlTemplate\":\"https:\\\/\\\/ceferino.ch\\\/?s={search_term_string}\"},\"query-input\":{\"@type\":\"PropertyValueSpecification\",\"valueRequired\":true,\"valueName\":\"search_term_string\"}}],\"inLanguage\":\"de-CH\"},{\"@type\":\"Organization\",\"@id\":\"https:\\\/\\\/ceferino.ch\\\/#organization\",\"name\":\"Aum\u00f4nerie des Gens du Voyage\",\"url\":\"https:\\\/\\\/ceferino.ch\\\/\",\"logo\":{\"@type\":\"ImageObject\",\"inLanguage\":\"de-CH\",\"@id\":\"https:\\\/\\\/ceferino.ch\\\/#\\\/schema\\\/logo\\\/image\\\/\",\"url\":\"https:\\\/\\\/ceferino.ch\\\/wp-content\\\/uploads\\\/2023\\\/08\\\/LogoFahrendenseelsorge.png\",\"contentUrl\":\"https:\\\/\\\/ceferino.ch\\\/wp-content\\\/uploads\\\/2023\\\/08\\\/LogoFahrendenseelsorge.png\",\"width\":350,\"height\":355,\"caption\":\"Aum\u00f4nerie des Gens du Voyage\"},\"image\":{\"@id\":\"https:\\\/\\\/ceferino.ch\\\/#\\\/schema\\\/logo\\\/image\\\/\"}}]}<\/script>\n<!-- \/ Yoast SEO plugin. -->","yoast_head_json":{"title":"Adressen\/Adresses - Aum\u00f4nerie des Gens du Voyage","robots":{"index":"index","follow":"follow","max-snippet":"max-snippet:-1","max-image-preview":"max-image-preview:large","max-video-preview":"max-video-preview:-1"},"canonical":"https:\/\/ceferino.ch\/index.php\/adressen-adresses\/","og_locale":"de_DE","og_type":"article","og_title":"Adressen\/Adresses - Aum\u00f4nerie des Gens du Voyage","og_description":"_______________________________________________ Aum\u00f4nerie catholique des Gens du Voyage en SuisseMme Alexandra Kockrue des Alpes 61700 Friboug T\u00e9l : +41 (0)77 479 44 21 E-mail : alexandra.kock(at)ceferino.ch _______________________________________________ P. Christoph Albrecht SJHirschengraben 748001 Z\u00fcrich Tel: +41 (0)79 155 64 25 E-mail: christoph.albrecht(at)jesuiten.org ________________________________________________","og_url":"https:\/\/ceferino.ch\/index.php\/adressen-adresses\/","og_site_name":"Aum\u00f4nerie des Gens du Voyage","article_modified_time":"2024-12-23T14:31:25+00:00","twitter_card":"summary_large_image","twitter_misc":{"Gesch\u00e4tzte Lesezeit":"1\u00a0Minute"},"schema":{"@context":"https:\/\/schema.org","@graph":[{"@type":"WebPage","@id":"https:\/\/ceferino.ch\/index.php\/adressen-adresses\/","url":"https:\/\/ceferino.ch\/index.php\/adressen-adresses\/","name":"Adressen\/Adresses - Aum\u00f4nerie des Gens du Voyage","isPartOf":{"@id":"https:\/\/ceferino.ch\/#website"},"datePublished":"2023-08-23T07:02:15+00:00","dateModified":"2024-12-23T14:31:25+00:00","breadcrumb":{"@id":"https:\/\/ceferino.ch\/index.php\/adressen-adresses\/#breadcrumb"},"inLanguage":"de-CH","potentialAction":[{"@type":"ReadAction","target":["https:\/\/ceferino.ch\/index.php\/adressen-adresses\/"]}]},{"@type":"BreadcrumbList","@id":"https:\/\/ceferino.ch\/index.php\/adressen-adresses\/#breadcrumb","itemListElement":[{"@type":"ListItem","position":1,"name":"Startseite","item":"https:\/\/ceferino.ch\/"},{"@type":"ListItem","position":2,"name":"Adressen\/Adresses"}]},{"@type":"WebSite","@id":"https:\/\/ceferino.ch\/#website","url":"https:\/\/ceferino.ch\/","name":"Aum\u00f4nerie des Gens du Voyage","description":"katholische Seelsorge der fahrenden Jenischen und Sinti in der Schweiz","publisher":{"@id":"https:\/\/ceferino.ch\/#organization"},"potentialAction":[{"@type":"SearchAction","target":{"@type":"EntryPoint","urlTemplate":"https:\/\/ceferino.ch\/?s={search_term_string}"},"query-input":{"@type":"PropertyValueSpecification","valueRequired":true,"valueName":"search_term_string"}}],"inLanguage":"de-CH"},{"@type":"Organization","@id":"https:\/\/ceferino.ch\/#organization","name":"Aum\u00f4nerie des Gens du Voyage","url":"https:\/\/ceferino.ch\/","logo":{"@type":"ImageObject","inLanguage":"de-CH","@id":"https:\/\/ceferino.ch\/#\/schema\/logo\/image\/","url":"https:\/\/ceferino.ch\/wp-content\/uploads\/2023\/08\/LogoFahrendenseelsorge.png","contentUrl":"https:\/\/ceferino.ch\/wp-content\/uploads\/2023\/08\/LogoFahrendenseelsorge.png","width":350,"height":355,"caption":"Aum\u00f4nerie des Gens du Voyage"},"image":{"@id":"https:\/\/ceferino.ch\/#\/schema\/logo\/image\/"}}]}},"jetpack_sharing_enabled":true,"_links":{"self":[{"href":"https:\/\/ceferino.ch\/index.php\/wp-json\/wp\/v2\/pages\/148","targetHints":{"allow":["GET"]}}],"collection":[{"href":"https:\/\/ceferino.ch\/index.php\/wp-json\/wp\/v2\/pages"}],"about":[{"href":"https:\/\/ceferino.ch\/index.php\/wp-json\/wp\/v2\/types\/page"}],"author":[{"embeddable":true,"href":"https:\/\/ceferino.ch\/index.php\/wp-json\/wp\/v2\/users\/1"}],"replies":[{"embeddable":true,"href":"https:\/\/ceferino.ch\/index.php\/wp-json\/wp\/v2\/comments?post=148"}],"version-history":[{"count":7,"href":"https:\/\/ceferino.ch\/index.php\/wp-json\/wp\/v2\/pages\/148\/revisions"}],"predecessor-version":[{"id":261,"href":"https:\/\/ceferino.ch\/index.php\/wp-json\/wp\/v2\/pages\/148\/revisions\/261"}],"wp:attachment":[{"href":"https:\/\/ceferino.ch\/index.php\/wp-json\/wp\/v2\/media?parent=148"}],"curies":[{"name":"wp","href":"https:\/\/api.w.org\/{rel}","templated":true}]}}

<p>_______________________________________________</p>



<p>Aumônerie catholique des Gens du Voyage en Suisse<br>Mme Alexandra Kock<br>rue des Alpes 6<br>1700 Friboug</p>



<p>Tél : +41 (0)77 479 44 21</p>



<p>E-mail : alexandra.kock(at)ceferino.ch</p>



<p>_______________________________________________</p>



<p>P. Christoph Albrecht SJ<br>Hirschengraben 74<br>8001 Zürich</p>



<p>Tel: +41 (0)79 155 64 25</p>



<p>E-mail: christoph.albrecht(at)jesuiten.org</p>



<p>________________________________________________</p>



<p></p>

<p>_______________________________________________ Aumônerie catholique des Gens du Voyage en SuisseMme Alexandra Kockrue des Alpes 61700 Friboug Tél : +41 (0)77 479 44 21 E-mail : alexandra.kock(at)ceferino.ch _______________________________________________ P. Christoph Albrecht SJHirschengraben 748001 Zürich Tel: +41 (0)79 155 64 25 E-mail: christoph.albrecht(at)jesuiten.org ________________________________________________</p>

<!-- This site is optimized with the Yoast SEO plugin v27.3 - https://yoast.com/product/yoast-seo-wordpress/ -->
<title>Adressen/Adresses - Aumônerie des Gens du Voyage</title>
<meta name="robots" content="index, follow, max-snippet:-1, max-image-preview:large, max-video-preview:-1" />
<link rel="canonical" href="https://ceferino.ch/index.php/adressen-adresses/" />
<meta property="og:locale" content="de_DE" />
<meta property="og:type" content="article" />
<meta property="og:title" content="Adressen/Adresses - Aumônerie des Gens du Voyage" />
<meta property="og:description" content="_______________________________________________ Aumônerie catholique des Gens du Voyage en SuisseMme Alexandra Kockrue des Alpes 61700 Friboug Tél : +41 (0)77 479 44 21 E-mail : alexandra.kock(at)ceferino.ch _______________________________________________ P. Christoph Albrecht SJHirschengraben 748001 Zürich Tel: +41 (0)79 155 64 25 E-mail: christoph.albrecht(at)jesuiten.org ________________________________________________" />
<meta property="og:url" content="https://ceferino.ch/index.php/adressen-adresses/" />
<meta property="og:site_name" content="Aumônerie des Gens du Voyage" />
<meta property="article:modified_time" content="2024-12-23T14:31:25+00:00" />
<meta name="twitter:card" content="summary_large_image" />
<meta name="twitter:label1" content="Geschätzte Lesezeit" />
	<meta name="twitter:data1" content="1 Minute" />
<script type="application/ld+json" class="yoast-schema-graph">{"@context":"https:\/\/schema.org","@graph":[{"@type":"WebPage","@id":"https:\/\/ceferino.ch\/index.php\/adressen-adresses\/","url":"https:\/\/ceferino.ch\/index.php\/adressen-adresses\/","name":"Adressen\/Adresses - Aumônerie des Gens du Voyage","isPartOf":{"@id":"https:\/\/ceferino.ch\/#website"},"datePublished":"2023-08-23T07:02:15+00:00","dateModified":"2024-12-23T14:31:25+00:00","breadcrumb":{"@id":"https:\/\/ceferino.ch\/index.php\/adressen-adresses\/#breadcrumb"},"inLanguage":"de-CH","potentialAction":[{"@type":"ReadAction","target":["https:\/\/ceferino.ch\/index.php\/adressen-adresses\/"]}]},{"@type":"BreadcrumbList","@id":"https:\/\/ceferino.ch\/index.php\/adressen-adresses\/#breadcrumb","itemListElement":[{"@type":"ListItem","position":1,"name":"Startseite","item":"https:\/\/ceferino.ch\/"},{"@type":"ListItem","position":2,"name":"Adressen\/Adresses"}]},{"@type":"WebSite","@id":"https:\/\/ceferino.ch\/#website","url":"https:\/\/ceferino.ch\/","name":"Aumônerie des Gens du Voyage","description":"katholische Seelsorge der fahrenden Jenischen und Sinti in der Schweiz","publisher":{"@id":"https:\/\/ceferino.ch\/#organization"},"potentialAction":[{"@type":"SearchAction","target":{"@type":"EntryPoint","urlTemplate":"https:\/\/ceferino.ch\/?s={search_term_string}"},"query-input":{"@type":"PropertyValueSpecification","valueRequired":true,"valueName":"search_term_string"}}],"inLanguage":"de-CH"},{"@type":"Organization","@id":"https:\/\/ceferino.ch\/#organization","name":"Aumônerie des Gens du Voyage","url":"https:\/\/ceferino.ch\/","logo":{"@type":"ImageObject","inLanguage":"de-CH","@id":"https:\/\/ceferino.ch\/#\/schema\/logo\/image\/","url":"https:\/\/ceferino.ch\/wp-content\/uploads\/2023\/08\/LogoFahrendenseelsorge.png","contentUrl":"https:\/\/ceferino.ch\/wp-content\/uploads\/2023\/08\/LogoFahrendenseelsorge.png","width":350,"height":355,"caption":"Aumônerie des Gens du Voyage"},"image":{"@id":"https:\/\/ceferino.ch\/#\/schema\/logo\/image\/"}}]}</script>
<!-- / Yoast SEO plugin. -->

Adressen/Adresses - Aumônerie des Gens du Voyage

_______________________________________________ Aumônerie catholique des Gens du Voyage en SuisseMme Alexandra Kockrue des Alpes 61700 Friboug Tél : +41 (0)77 479 44 21 E-mail : alexandra.kock(at)ceferino.ch _______________________________________________ P. Christoph Albrecht SJHirschengraben 748001 Zürich Tel: +41 (0)79 155 64 25 E-mail: christoph.albrecht(at)jesuiten.org ________________________________________________

Aumônerie des Gens du Voyage
