{"version":"1.0","provider_name":"Aum\u00f4nerie des Gens du Voyage","provider_url":"https:\/\/ceferino.ch","author_name":"admin","author_url":"https:\/\/ceferino.ch\/index.php\/author\/christophalbrecht\/","title":"Qui sommes-nous ? - Aum\u00f4nerie des Gens du Voyage","type":"rich","width":600,"height":338,"html":"<blockquote class=\"wp-embedded-content\" data-secret=\"9lwrJvaX2r\"><a href=\"https:\/\/ceferino.ch\/index.php\/qui-sommes-nous\/\">Qui sommes-nous ?<\/a><\/blockquote><iframe sandbox=\"allow-scripts\" security=\"restricted\" src=\"https:\/\/ceferino.ch\/index.php\/qui-sommes-nous\/embed\/#?secret=9lwrJvaX2r\" width=\"600\" height=\"338\" title=\"&#171;Qui sommes-nous ?&#187; &#8211; Aum\u00f4nerie des Gens du Voyage\" data-secret=\"9lwrJvaX2r\" frameborder=\"0\" marginwidth=\"0\" marginheight=\"0\" scrolling=\"no\" class=\"wp-embedded-content\"><\/iframe><script>\n\/*! This file is auto-generated *\/\n!function(d,l){\"use strict\";l.querySelector&&d.addEventListener&&\"undefined\"!=typeof URL&&(d.wp=d.wp||{},d.wp.receiveEmbedMessage||(d.wp.receiveEmbedMessage=function(e){var t=e.data;if((t||t.secret||t.message||t.value)&&!\/[^a-zA-Z0-9]\/.test(t.secret)){for(var s,r,n,a=l.querySelectorAll('iframe[data-secret=\"'+t.secret+'\"]'),o=l.querySelectorAll('blockquote[data-secret=\"'+t.secret+'\"]'),c=new RegExp(\"^https?:$\",\"i\"),i=0;i<o.length;i++)o[i].style.display=\"none\";for(i=0;i<a.length;i++)s=a[i],e.source===s.contentWindow&&(s.removeAttribute(\"style\"),\"height\"===t.message?(1e3<(r=parseInt(t.value,10))?r=1e3:~~r<200&&(r=200),s.height=r):\"link\"===t.message&&(r=new URL(s.getAttribute(\"src\")),n=new URL(t.value),c.test(n.protocol))&&n.host===r.host&&l.activeElement===s&&(d.top.location.href=t.value))}},d.addEventListener(\"message\",d.wp.receiveEmbedMessage,!1),l.addEventListener(\"DOMContentLoaded\",function(){for(var e,t,s=l.querySelectorAll(\"iframe.wp-embedded-content\"),r=0;r<s.length;r++)(t=(e=s[r]).getAttribute(\"data-secret\"))||(t=Math.random().toString(36).substring(2,12),e.src+=\"#?secret=\"+t,e.setAttribute(\"data-secret\",t)),e.contentWindow.postMessage({message:\"ready\",secret:t},\"*\")},!1)))}(window,document);\n\/\/# sourceURL=https:\/\/ceferino.ch\/wp-includes\/js\/wp-embed.min.js\n<\/script>\n","thumbnail_url":"https:\/\/ceferino.ch\/wp-content\/uploads\/2023\/08\/temoignage.png","thumbnail_width":832,"thumbnail_height":490,"description":"Bienvenue \u00e0 vous qui nous d\u00e9couvrez sur le Web! Vous vous demandez: qu\u2019est-ce que l\u2019Aum\u00f4nerie catholique des Gens du Voyage en Suisse? Venez \u00e0 la d\u00e9couverte de cette sorte de paroisse itin\u00e9rante, calqu\u00e9e sur le mode de vie nomade des personnes \u00e0 qui elle se destine: les Gens du Voyage en Suisse! Quelle sorte de [&hellip;]"}

Aumônerie des Gens du Voyage

Qui sommes-nous ? - Aumônerie des Gens du Voyage

<blockquote class="wp-embedded-content" data-secret="9lwrJvaX2r"><a href="https://ceferino.ch/index.php/qui-sommes-nous/">Qui sommes-nous ?</a></blockquote><iframe sandbox="allow-scripts" security="restricted" src="https://ceferino.ch/index.php/qui-sommes-nous/embed/#?secret=9lwrJvaX2r" width="600" height="338" title="&#171;Qui sommes-nous ?&#187; &#8211; Aumônerie des Gens du Voyage" data-secret="9lwrJvaX2r" frameborder="0" marginwidth="0" marginheight="0" scrolling="no" class="wp-embedded-content"></iframe><script>
/*! This file is auto-generated */
!function(d,l){"use strict";l.querySelector&&d.addEventListener&&"undefined"!=typeof URL&&(d.wp=d.wp||{},d.wp.receiveEmbedMessage||(d.wp.receiveEmbedMessage=function(e){var t=e.data;if((t||t.secret||t.message||t.value)&&!/[^a-zA-Z0-9]/.test(t.secret)){for(var s,r,n,a=l.querySelectorAll('iframe[data-secret="'+t.secret+'"]'),o=l.querySelectorAll('blockquote[data-secret="'+t.secret+'"]'),c=new RegExp("^https?:$","i"),i=0;i<o.length;i++)o[i].style.display="none";for(i=0;i<a.length;i++)s=a[i],e.source===s.contentWindow&&(s.removeAttribute("style"),"height"===t.message?(1e3<(r=parseInt(t.value,10))?r=1e3:~~r<200&&(r=200),s.height=r):"link"===t.message&&(r=new URL(s.getAttribute("src")),n=new URL(t.value),c.test(n.protocol))&&n.host===r.host&&l.activeElement===s&&(d.top.location.href=t.value))}},d.addEventListener("message",d.wp.receiveEmbedMessage,!1),l.addEventListener("DOMContentLoaded",function(){for(var e,t,s=l.querySelectorAll("iframe.wp-embedded-content"),r=0;r<s.length;r++)(t=(e=s[r]).getAttribute("data-secret"))||(t=Math.random().toString(36).substring(2,12),e.src+="#?secret="+t,e.setAttribute("data-secret",t)),e.contentWindow.postMessage({message:"ready",secret:t},"*")},!1)))}(window,document);
//# sourceURL=https://ceferino.ch/wp-includes/js/wp-embed.min.js
</script>

Bienvenue à vous qui nous découvrez sur le Web! Vous vous demandez: qu’est-ce que l’Aumônerie catholique des Gens du Voyage en Suisse? Venez à la découverte de cette sorte de paroisse itinérante, calquée sur le mode de vie nomade des personnes à qui elle se destine: les Gens du Voyage en Suisse! Quelle sorte de [&hellip;]
